False
Is 374615551 composite?
True
Is 207654547 composite?
True
Is 1599499279 prime?
False
Is 42006877361 prime?
False
Is 4787832733 a prime number?
True
Is 17870761 composite?
True
Is 7256796098 composite?
True
Is 5883118939 a prime number?
True
Is 17218069469 composite?
True
Is 78158902 a composite number?
True
Is 26282807807 prime?
True
Is 515685101 a prime number?
False
Is 74423647 a composite number?
False
Is 62509903073 prime?
False
Is 7985911621 prime?
True
Is 34055018161 composite?
False
Is 9774291361 prime?
False
Is 13471778251 a composite number?
False
Is 3581955781 composite?
False
Is 1134914449 prime?
False
Is 33173469257 a prime number?
False
Is 41418249083 composite?
False
Is 7997151983 prime?
True
Is 115411057 composite?
False
Is 835522343 composite?
False
Is 32768138626 composite?
True
Is 56129022905 prime?
False
Is 24757636697 composite?
False
Is 82364865197 prime?
False
Is 150132355973 composite?
False
Is 1094202047 a prime number?
True
Is 5659822193 a composite number?
False
Is 1019615617 prime?
False
Is 24703733629 prime?
False
Is 847112957581 prime?
False
Is 2394961277 a prime number?
True
Is 3749332403 a composite number?
True
Is 56514333431 prime?
False
Is 19139519639 a prime number?
True
Is 975156953 a prime number?
True
Is 6666583831 prime?
True
Is 179389909 a prime number?
False
Is 375041297 a prime number?
False
Is 6011104777 prime?
False
Is 4721613077 a prime number?
True
Is 13895554901 composite?
False
Is 558417647 composite?
False
Is 175701601 prime?
True
Is 1602156649 a prime number?
False
Is 22825673061 composite?
True
Is 9945122797 a prime number?
False
Is 179354507 a composite number?
True
Is 7724355883 composite?
True
Is 40583775053 a composite number?
True
Is 26797843 a prime number?
True
Is 5785202659 a prime number?
True
Is 837359953 composite?
False
Is 4568691007 a prime number?
True
Is 14755881923 a prime number?
False
Is 1175362831 composite?
True
Is 179922951878 a prime number?
False
Is 3331562833 a composite number?
True
Is 2550296227 a prime number?
False
Is 1524263497 prime?
False
Is 23264341621 prime?
False
Is 4589272003 a composite number?
False
Is 1199907829 a composite number?
False
Is 589613273 a prime number?
False
Is 19182641 a prime number?
True
Is 4180033607 composite?
False
Is 2465743739 composite?
True
Is 434350993 prime?
False
Is 26640960911 composite?
True
Is 4829913461 a prime number?
False
Is 155811869 composite?
True
Is 20829518063 a prime number?
True
Is 802492307 a prime number?
True
Is 859092973 prime?
False
Is 248405591 prime?
False
Is 1438949738 a composite number?
True
Is 774917369 a composite number?
True
Is 3426521461 composite?
True
Is 19430622139 prime?
False
Is 8902613201 prime?
False
Is 1099398439 prime?
False
Is 14558570801 a prime number?
True
Is 57214746779 prime?
False
Is 4391039729 a prime number?
False
Is 3597826679 a prime number?
True
Is 381264098987 prime?
False
Is 307900622 a composite number?
True
Is 15645907441 composite?
True
Is 1975199903 prime?
True
Is 46588863491 prime?
True
Is 2823666563 a prime number?
True
Is 742015433 a prime number?
True
Is 42319694257 composite?
False
Is 757018721 composite?
True
Is 41109290161 a prime number?
True
Is 1516727029 prime?
False
Is 2036924173 a composite number?
True
Is 5014265839 prime?
False
Is 301476143 a prime number?
True
Is 3478491118 a prime number?
False
Is 17374220489 prime?
True
Is 381674801 a composite number?
False
Is 1465899473 prime?
False
Is 91871804159 composite?
False
Is 5292626551 a composite number?
True
Is 413258317 a composite number?
True
Is 7453563881 a composite number?
True
Is 177411467 composite?
False
Is 2661019211 prime?
True
Is 36866244721 a prime number?
True
Is 604408577 a prime number?
True
Is 56975596049 composite?
False
Is 2952616943 a composite number?
True
Is 3859091591 composite?
True
Is 51666045463 a composite number?
True
Is 14969320633 a prime number?
True
Is 1167167129 a prime number?
False
Is 251958191 a composite number?
False
Is 3142394191 prime?
True
Is 1942206901 a composite number?
True
Is 186831643 prime?
False
Is 6573161347 prime?
True
Is 51941402989 a composite number?
True
Is 1355302513 composite?
False
Is 3799292033 a prime number?
True
Is 8819410499 a prime number?
True
Is 12325258721 a composite number?
True
Is 337059353 composite?
False
Is 8758377431 prime?
True
Is 399991483 prime?
True
Is 20932489 a prime number?
True
Is 265916503 a composite number?
True
Is 1208183 composite?
True
Is 39111493 a composite number?
True
Is 3164855471 composite?
True
Is 35244641 prime?
False
Is 52511841053 a composite number?
True
Is 113075399 a prime number?
False
Is 9552792877 a prime number?
False
Is 7284899977 composite?
True
Is 87140363 prime?
True
Is 98337457 a composite number?
True
Is 9427984143 composite?
True
Is 891425939 a composite number?
True
Is 281386793 composite?
False
Is 1435566491 composite?
False
Is 1643633045 prime?
False
Is 20274379555 a composite number?
True
Is 4073517082 a prime number?
False
Is 381894721 composite?
True
Is 817893203 a composite number?
True
Is 144551376107 prime?
True
Is 36460913017 prime?
True
Is 25885430999 a prime number?
False
Is 1654681027 a prime number?
False
Is 69876385013 a composite number?
True
Is 6758832959 a prime number?
True
Is 959076071 a composite number?
False
Is 8922684299 a composite number?
False
Is 7474413079 a prime number?
False
Is 8771386462 composite?
True
Is 5148503729 a prime number?
True
Is 6339327287 a composite number?
False
Is 355757407 prime?
False
Is 3543160249 a prime number?
False
Is 201691214119 a composite number?
True
Is 64987943 prime?
False
Is 2677282505 composite?
True
Is 79527777871 composite?
True
Is 971372471 prime?
False
Is 1766375063 prime?
False
Is 190020757 a prime number?
False
Is 3548943731 composite?
False
Is 967311367 composite?
True
Is 10812277381 a prime number?
False
Is 44027622007 composite?
True
Is 1080704969 prime?
True
Is 4746422467 composite?
False
Is 501135407 composite?
False
Is 4512401437 composite?
True
Is 77908479137 composite?
False
Is 1657146749 composite?
True
Is 2241837382 a composite number?
True
Is 13209135067 composite?
False
Is 2993778565 a prime number?
False
Is 117801797623 a prime number?
False
Is 470620613 a composite number?
True
Is 50103058399 a composite number?
False
Is 604027889 a prime number?
True
Is 2483837443 a prime number?
False
Is 297346859 composite?
False
Is 2357918557 a prime number?
False
Is 39001112713 composite?
False
Is 106855351 a composite number?
False
Is 510125017 a composite number?
False
Is 509637629 a prime number?
True
Is 215893356793 a composite number?
True
Is 8461543133 a composite number?
False
Is 25325301889 prime?
True
Is 2584786321 a prime number?
False
Is 6601631 a prime number?
True
Is 11444822033 a prime number?
True
Is 263444123 composite?
False
Is 8683851793 a composite number?
False
Is 86006464037 prime?
False
Is 4492437673 prime?
True
Is 9454005193 a composite number?
False
Is 1913574865 prime?
False
Is 1475581673 a composite number?
True
Is 41633330797 a prime number?
False
Is 2601938837 composite?
True
Is 50678860781 a composite number?
True
Is 10196787691 composite?
False
Is 9916383613 prime?
False
Is 9023258297 composite?
False
Is 1599799573 composite?
True
Is 35039787177 a prime number?
False
Is 6658346197 prime?
False
Is 6061614931 composite?
False
Is 15809991467 a prime number?
False
Is 839607631 prime?
True
Is 3801386441 prime?
False
Is 37897045642 prime?
False
Is 4907601683 composite?
True
Is 17133971821 prime?
True
Is 129625567693 composite?
False
Is 598797389 prime?
True
Is 19033727633 a composite number?
False
Is 1446977557 a prime number?
True
Is 102370755559 composite?
True
Is 4345624555 prime?
False
Is 1816462213 a prime number?
True
Is 40092823039 a composite number?
True
Is 3028505561 a prime number?
False
Is 2981717803 prime?
False
Is 69604728533 a composite number?
False
Is 1282714759 composite?
True
Is 3050933359 a prime number?
True
Is 3972486893 a composite number?
False
Is 915131319 composite?
True
Is 196122773401 prime?
True
Is 2508282827 prime?
True
Is 58528277 composite?
False
Is 39188692805 composite?
True
Is 39840853583 a composite number?
False
Is 48746436553 composite?
False
Is 121291487 a co